 w be 3 + -4*f/2. Let u(o) = 2*o**2 + 2*o. Calculate u(w).
12
Let z(i) be the third derivative of i**4/24 - 10*i**3/3 - 189*i**2 - i. What is z(13)?
-7
Let h(s) = s**3 - s**2 + s - 21. Let v(j) = j**3 + 8*j**2 + 5*j - 9. Let l be v(-7). Suppose 0 = 3*g - l*g + 3*g. Give h(g).
-21
Let s(x) = -1 - 195*x**2 + 1 + x + 214*x**2. Give s(1).
20
Suppose -13*x + 16*x - m + 27 = 0, -x - 4 = -2*m. Let c(u) = -2*u - 13. Calculate c(x).
7
Let c(m) = -m**3 + m**2 + m. Let r = -9 + 8. Let g(k) = -4*k**3 + 4*k**2 + 6*k + 4. Suppose 4*u - 26 = -6. Let z(s) = r*g(s) + u*c(s). Calculate z(0).
-4
Let s(r) = 12*r**2 - r. Suppose -x + 15*x - 56 = 0. Let n be -1 - (0 + 0) - -1. Suppose 4*o = -n + x. What is s(o)?
11
Let q(i) be the third derivative of -1/3*i**3 + 0 + 0*i - 6*i**2 + 1/24*i**4. Suppose -v + 25 = -5*u, 5*v + 5*u - 6 = -1. Give q(v).
3
Let t(i) = i**3 - 2*i**2 - 8*i + 4. Let u be t(4). Suppose 0*s = u*p - 3*s + 22, 0 = -5*p + 2*s - 24. Let c(y) = -y. Calculate c(p).
4
Let x = -18 - -30. Let g be x/(5 - 1) - -5. Let z be g/(5*6/15). Let c(i) = i**3 - 4*i**2 + i + 3. Give c(z).
7
Let h(n) = -n**2 + 7*n - 5. Let u be 3 - (0 - (8 - 5)). Let c be (-5)/10*u - -8. What is h(c)?
5
Let u(g) = -9*g**2 - 6*g - 6. Let p(b) = -11*b**2 - 6*b - 7. Let k(x) = 4*p(x) - 5*u(x). Determine k(-3).
-7
Let q(w) = -18*w + 12*w + 13 - 11. Give q(4).
-22
Let w(o) be the third derivative of -o**6/120 - 3*o**5/20 + 3*o**4/8 - 3*o**3/2 - 197*o**2. Calculate w(-10).
1
Let g be -3 + (2 - 33) + -1. Let o be g/(-10)*(-2 - 0). Let m(v) = v**2 + 6*v + 9. What is m(o)?
16
Let t(p) be the first derivative of -p**4/4 + 7*p**3/3 - 5*p**2 - 2*p - 83. Calculate t(5).
-2
Let a(k) = k**3 - 19*k**2 + 38*k**2 - 18*k**2 - 2*k**3. Let q(r) = -2*r**3 - 2*r**2 + 2*r - 5. Let m(b) = a(b) - q(b). Give m(-4).
-3
Let r(o) be the third derivative of -o**5/60 + o**4/4 + 2*o**3/3 - 88*o**2. Give r(5).
9
Let v(z) = -z**3 - 9*z**2 - 17*z - 3. Let y be v(-2). Let c(t) be the first derivative of -1/2*t**2 - 3/2*t**4 + 4 + 0*t - 2/3*t**y. What is c(-1)?
5
Let a(d) = -14*d - 14. Let u(x) be the second derivative of x**3/6 + x**2/2 - 21*x. Let b(t) = a(t) + 12*u(t). Give b(-2).
2
Let k(t) = -14*t**3 - t**2 - 2*t - 1. Suppose 9*y + 342 = 3*y. Let h = 56 + y. Calculate k(h).
14
Let y(d) be the first derivative of d**4/4 - 7*d**3/3 - 2*d**2 - 6*d + 37. Determine y(8).
26
Let d be (-1 + 2 + 6/108*-6)*3. Let y(r) be the first derivative of r**4/4 + r**3/3 - r**2 - r - 1. Determine y(d).
7
Let d(u) = -6*u - 7. Let n(m) = 5*m + 7. Let s be 0 + 2 + (7 - 9). Suppose 5*f + s = -35. Let h(t) = f*n(t) - 6*d(t). Calculate h(0).
-7
Let i = 21 + 3. Suppose -6*x + 2*x = -i. Let p(f) be the third derivative of f**6/120 - f**5/10 + f**4/12 - 2*f**3/3 + 6*f**2. Calculate p(x).
8
Let c(q) be the first derivative of q**4/4 + 5*q**3/3 + q**2 - 2*q - 1. Suppose -29*o + 30*o - 7 = 3*r, 0 = 2*r - 3*o + 7. What is c(r)?
6
Let t(b) = -b - 12. Suppose 6*q + 224 = -10*q. Calculate t(q).
2
Let a(t) = -6. Let s(u) = 1. Let z be (-9)/(-11) - 4/(-22). Let n(k) = z*a(k) + 9*s(k). Let g(h) = -h + 4. Let f(b) = -3*g(b) + 4*n(b). Give f(1).
3
Let k = -18 - -23. Suppose k*s = -0*s - 20. Let p(l) = 6*l + 6. Determine p(s).
-18
Let f(t) = -t - 1. Let z be f(-5). Let v(k) be the second derivative of -1/3*k**4 + 4*k + 1/6*k**3 + 1/20*k**5 + 0 + 2*k**2. Determine v(z).
8
Suppose -2*r - 2*v = 10, -10 = -5*r + 4*v - 2*v. Let b = r - -5. Let h(f) = f**2 - 6*f + 7. Let n be h(b). Let d(q) = q**3 - 2*q**2 - 2*q + 2. What is d(n)?
-2
Suppose 2*x = -4*m - 2, 3*m - 2*m = -x - 1. Suppose -2*p - 26 = -5*z - m*z, 3 = -p. Let d(g) = -g**2 + 2*g + 3. What is d(z)?
-5
Let b = 90 - 83. Let f(m) = m**2 + 0 + b - 6 + 7*m + 0*m**2. What is f(-7)?
1
Let x(p) = -2*p - p - 6 + 3 - 2 - 1. Suppose 3*a + 20 = -a. Determine x(a).
9
Let p(n) = n**3. Let v(j) = 2*j**3 - 5*j**2 - j - 5. Let r(f) = -3*p(f) + v(f). Let c be r(-5). Let l(d) = d**2 - d - 22. What is l(c)?
-22
Let n(r) = -2*r + 2. Suppose 0 = -1025*m + 1013*m + 120. What is n(m)?
-18
Suppose -60 = 7*l - 2*l. Let i = l - -12. Suppose -4 = 4*g - 2*p + 4, i = 3*g - 5*p - 8. Let y(q) = q**3 + 3*q**2 - 4*q - 2. Give y(g).
-2
Let i(n) = 3*n**2 - 2*n - 1. Let q = 350 - 348. What is i(q)?
7
Suppose 1 = 3*j - 4*v, 0 = -2*j + 5*v - 2*v. Suppose -2*y + 3*y = j. Let a(p) = p**2 - 2*p. Calculate a(y).
3
Suppose -38*y = 4*f - 36*y - 4, -f - 4*y = 13. Let n(l) = 2 - 7*l + 4*l + 2*l. Calculate n(f).
-1
Let k(s) = 2*s**3 + s**2 - s. Let d(r) = r**3 + 10*r**2 + 5*r - 5. Let q(n) = -d(n) + k(n). Determine q(10).
45
Let n(d) = d + 1. Suppose z - f - 14 = 2*f, 0 = 5*z + 5*f + 30. Let i be n(z). Suppose 6*u - 3*u - 12 = i. Let k(r) = -r**3 + 5*r**2 - 3*r - 5. Determine k(u).
-1
Let i = -82 + 45. Let q = i - -32. Let j(s) = s**2 + 6*s + 6. Calculate j(q).
1
Let r(s) be the second derivative of 0 + 5/12*s**4 + 0*s**3 - 15*s + 1/20*s**5 + 5/2*s**2. Calculate r(-5).
5
Let l(o) be the first derivative of o**4/4 + 10*o**3/3 - o**2 - 13*o + 382. What is l(-10)?
7
Let d(h) = h**3 - 15*h**2 - h + 16. Suppose z - 5*k - 3 = -2*k, -z - 3*k = -27. Give d(z).
1
Let w(f) be the first derivative of f**4/12 - f**3/2 + 5*f**2 - 5. Let r(c) be the second derivative of w(c). What is r(2)?
1
Let r = -376 + 380. Let g(v) be the second derivative of -v - 1/12*v**r + 0 - 1/6*v**3 + 1/2*v**2 + 3/10*v**5. Determine g(1).
5
Let q(k) = -k + 1. Let u be q(1). Let t(v) be the third derivative of v**4/24 + 5*v**3/6 - 30*v**2. Determine t(u).
5
Let k be -13 + 25 + (2 - (-1 + 3)). Let f(y) = k*y + 17*y - 32*y. Give f(4).
-12
Let h(r) = -r**3 + 6*r**2 - r - 4. Let t = -2632 - -2637. Determine h(t).
16
Let q(j) be the first derivative of -j**3/3 - j**2/2 - 43*j - 37. Let f(w) be the first derivative of q(w). Determine f(-1).
1
Let v(y) be the second derivative of -y**6/360 + y**5/24 - y**4/12 + 4*y**3 + 13*y. Let h(g) be the second derivative of v(g). Give h(6).
-8
Let f = 401 - 406. Let t(g) = -g**3 - 5*g**2 - 2*g - 7. Calculate t(f).
3
Let l(s) = 5 + 2 + 3 - 23*s**2 + 0*s - 12*s + 24*s**2. Determine l(11).
-1
Let g(b) be the first derivative of -b**2 + b + 201. What is g(-1)?
3
Let w(p) = -p**2 - 6*p. Let i be w(-6). Let b(c) = c**2 + i*c**2 - 2 - c + 0 + 4*c. Suppose 0 = -5*x - x - 18. Give b(x).
-2
Let q(n) be the second derivative of n**4/12 - 7*n**3/6 + 7*n**2/2 + n - 16. What is q(6)?
1
Let k(c) be the first derivative of -c**4/4 + 8*c**3/3 - 7*c**2/2 - c - 305. Give k(5).
39
Let t(w) = w**2 + 10*w - 14. Let y be 9/(-21) - (-120)/35. Let q be y*(68/24 - 1)*-2. Calculate t(q).
-3
Let c(x) = -2*x - 32. Let p be c(-17). Suppose 0 = 4*n + p*u + 8, 3*n + 16 = -4*u. Let y(z) = z**2 + 8. Determine y(n).
8
Suppose 2*t = 3*g + 4 + 10, 4*t + 5*g - 6 = 0. Let m(b) = -13 + b + 13 - t*b. Calculate m(3).
-9
Let z(t) = 4 + 0*t - 5*t - 3. Let q(j) = -j**3 + 21*j**2 + 2. Suppose -3*u + 4*x + 59 = 0, 0 = -0*u - 2*u - 4*x + 46. Let s be q(u). What is z(s)?
-9
Suppose -18*i = -11*i + 7. Let g(b) = 5 - 7*b**2 - 4 - 2. Determine g(i).
-8
Let l(j) = -17*j + 2. Suppose 0 = -5*t + 7*t - 3*f + 1, -4*t - 4 = -4*f. Calculate l(t).
36
Let w be (-4)/(-5)*5*1. Let t(v) = 2*v + 3. Give t(w).
11
Let a(x) be the third derivative of 0*x + 1/6*x**3 + 5*x**2 + 4 - 1/8*x**4. Give a(-1).
4
Suppose -75 = -13*z + 198. Let h be (1 + -7)/((-6)/9). Suppose 5*m - h = z. Let v(l) = -l**2 + 6*l + 2. Determine v(m).
2
Let a be (3 + 2)*9/15. Let b(x) = 5*x + 0*x - a*x - 8 - 3*x. Let u be 16/72 + 148/(-18). Give b(u).
0
Let w(u) = -2*u**3 - 3*u**2 - 2*u - 3. Let k = 439 + -441. What is w(k)?
5
Suppose 0 = -u + 3*u + 6. Let p(y) be the first derivative of 3/2*y**2 + 1/4*y**4 + 6 + 5/3*y**3 + y. Calculate p(u).
10
Let x(s) = 8*s**2 + s - 1. Let w(d) = -d**2. Let g(r) = -2*w(r) - x(r). Determine g(-1).
-4
Let l(p) = -p**2 + 6*p + 7. Suppose -3*y = -x + 21, -2*x + 45 = 6*y - 9*y. Let b = x - 17. What is l(b)?
0
Suppose -4 = 2*h - 16. Let o = h - 0. Let s(x) = 0 + 3*x**3 + o*x**2 - 1 - 4*x**2. Give s(-1).
-2
Let t be 68/(-16) + 1/4. Let d be 7/(70/t)*-20. Suppose d*b - 30 = 3*b. Let l(y) = y - 12. Calculate l(b).
-6
Let y(d) = 2*d**2 + 7*d. Let x = 269 - 274. Give y(x).
15
Let s(q) = q**2 - 6*q - 2. Suppose 0 = 6*i - 5*i. Suppose i = -h - 2 + 7. Give s(h).
-7
Let c(n) = -n**3 + 3*n**2 - n. Let k = 103 - 71. Suppose -4*u 